c + 19. Let v be d(-7). Let r = 69 + v. Is (26/r)/(2/69) composite?
False
Suppose -71*b = -73*b + 24358. Is b prime?
False
Suppose 0 = -2*f + 3*x + 521, 4*f + x = 6*x + 1047. Suppose 0 = -5*r - 4*h + 6 + f, -4*h = 4*r - 220. Is (-4)/18 - (-10326)/r a composite number?
False
Let m be ((-6)/(-4))/((-3)/(-6)). Suppose -2*p + 1105 = m*p. Is p a composite number?
True
Let c(a) = -23*a**2 - 4*a + 15. Let b be c(5). Let z = b + 839. Is z prime?
False
Let h(m) = -970*m - 3. Let v be 6/(-14) + 12/(-21). Is h(v) prime?
True
Is 2*(1 + (-5235)/(-10)) a prime number?
True
Suppose -5*h + 3*c = -260729, c = 5*h - c - 260731. Is h prime?
True
Let g = -1 + 2. Suppose 0 = x + 3*k + g, -4*x + 5*k - 7*k = -6. Suppose 0 = 4*l - 0*d + d - 534, 0 = -x*d + 4. Is l composite?
True
Suppose -11*b + 3574 = -2883. Is b composite?
False
Suppose 93*h - 152661 = 88*h + 4*r, -4*h - r = -122112. Is h a composite number?
False
Let y(f) = -16973*f + 111. Is y(-2) prime?
True
Let h = -7 + 11. Suppose 5*f - 2*t + 7*t - 2340 = 0, h = 4*t. Is f prime?
True
Suppose -2*l = -3*l + 46. Suppose l = -2*p + 576. Suppose 2820 - p = 5*x. Is x composite?
True
Let s be 4/(-18) + 29/9. Let o(l) = -39*l + 2. Let m(p) = 117*p - 5. Let h(u) = s*m(u) + 8*o(u). Is h(2) composite?
False
Let g = 123985 - 73430. Is g a composite number?
True
Let o(j) = 2*j**3 + j + 1. Let g be o(2). Suppose -5*c = -3*n - c - g, -n = -c + 7. Is 5/((-30)/n)*134 prime?
False
Suppose 21*b - 137627 = 22540. Is b a prime number?
False
Let b = 1072 - 554. Suppose 3*u - 2*w = -511, u + 5*w + b = -2*u. Let t = u - -258. Is t composite?
True
Let n be ((-8)/20)/(2/(-570)). Let l = -168 + n. Let h = l - -107. Is h a composite number?
False
Let q(l) = 14*l**2 + 1. Let g(c) = 2*c + c**2 + 0*c**2 - 2*c**2 + 2*c. Let p be g(3). Is q(p) prime?
True
Let u be 27/((-7)/14 - (-2)/12). Let v = u + 119. Is v a composite number?
True
Let o(d) = 15*d**2 + d + 1. Let g be o(-1). Suppose -4*n + 3098 = 5*a - 1153, 5*a = g. Is n composite?
True
Let c = 11846 - 8155. Is c prime?
True
Let o(r) be the second derivative of 11*r**4/12 + 7*r**3/6 + 5*r**2/2 - 22*r. Is o(-11) a composite number?
False
Suppose -3*v + 1 = 4, 5*v = -2*m - 903. Let l = m - -1079. Let j = l + -373. Is j composite?
False
Let f(b) = -b + 11. Let w be f(6). Let i(a) be the first derivative of a**3/3 + 7*a**2/2 - 7*a - 24. Is i(w) a prime number?
True
Is 2*1*(-382)/(-4) composite?
False
Let j = -82 + 148. Let n = 79 - j. Is n a prime number?
True
Suppose -6 = -4*q - 2. Let r = 32 - q. Is r a composite number?
False
Let i(v) be the first derivative of 2*v**3/3 + 9*v**2 - 9*v + 1. Is i(10) a prime number?
False
Let l(j) = j - 11. Let b be l(15). Let z be (3 - 2)/(2/6). Is ((-2)/b)/(z/(-894)) composite?
False
Let d(i) = -128*i + 855. Is d(-28) prime?
False
Suppose 5*c = 7*c - 56. Is (830/8*2)/(14/c) composite?
True
Let k = 23 - 21. Suppose -529 = -k*m + 213. Is m a composite number?
True
Let u(m) = m**3 - 13*m**2 - 2*m - 6. Let t be u(13). Let n = -28 - t. Is 742/((n - 0) + -2) prime?
False
Suppose -25*t + 182990 + 146285 = 0. Is t a prime number?
True
Let r be (10/6)/(2/486). Suppose -r - 168 = -c. Is c a prime number?
False
Suppose 0 = -0*v - 2*v + u + 22613, -4*u - 11289 = -v. Let b be v/(-5) - (-1)/(-5). Is b/(-14) - (-4)/(-7) a prime number?
False
Let f(r) = 32*r**2 - 17*r + 37. Is f(8) a prime number?
True
Let t(u) = u**3 - 15*u**2 - 14*u + 8. Let j(w) = w**2 + 1. Let i(a) = -4*j(a) - t(a). Let g = 161 - 150. Is i(g) prime?
False
Let t = -52 + 235. Suppose 0 = -f + k + 45, 2*f - k = -2*f + t. Suppose 5*a - f = -l + 2*a, 5*l + 4*a - 219 = 0. Is l a composite number?
False
Suppose 4*s - 3*k = -6*k + 765, 3*s + k = 575. Suppose -6*a - 685 = -a. Let v = a + s. Is v a prime number?
False
Is 66908/4 + 1 + 0 + 1 a composite number?
False
Suppose 2*k - 3 = -9. Let m = k - -5. Suppose 2*g - 1121 = -3*f, -2*f - 1127 = -m*g - 3*f. Is g composite?
True
Let g(y) be the third derivative of y**6/60 + 4*y**5/15 + 7*y**4/12 - 7*y**3/6 - 2*y**2. Is g(8) a composite number?
False
Suppose 0 = 9*x - 7*x - 60318. Is 4/14 - x/(-63) prime?
True
Suppose -g = q + 2*g - 8, 5*q - 14 = -2*g. Suppose q*m - 7*m + 10 = 0, 4 = -z + 5*m. Let j = z + 7. Is j a prime number?
True
Is (340/(-30))/(-17) + (-44767)/(-3) prime?
True
Suppose 4*j = 6*j - 6520. Suppose -j - 91 = -3*k. Is k composite?
False
Suppose 20 = -5*d, -2*q = -3*q + 5*d + 47649. Is q composite?
False
Let l be 1*3/(-4 - (-8415)/2103). Suppose 5*o - l = -4*c, 4*o = o - 3*c + 1263. Is o prime?
True
Suppose -10 = -0*i - i + 3*y, -26 = -5*i + 3*y. Suppose 0*n = i*n + 4*u - 3316, -4*u = -2*n + 1658. Is n a prime number?
True
Let l(f) = 78322*f + 189. Is l(1) composite?
False
Let w be 1/((-1)/(-3)*3). Let f(c) = 200*c**3 - c**2. Is f(w) prime?
True
Let b = 39855 + -20042. Is b prime?
True
Let k(h) = h**3 + 6*h**2 + 4*h - 3. Let c be k(-5). Let w(q) = -185*q**2 - 2*q + 3. Let t(m) = -93*m**2 - m + 1. Let y(d) = c*w(d) - 5*t(d). Is y(-1) prime?
False
Let q be 5*(2/(-4))/((-85)/(-102)). Let k(v) be the third derivative of -67*v**4/24 + v**3/3 + v**2. Is k(q) composite?
True
Let f = 18571 + -13248. Is f a prime number?
True
Let m = 95 - 92. Suppose -m*y + t = -30896, 2*t - 5531 = -y + 4756. Is y composite?
True
Let b = -21 - -46. Let a = b - 36. Is (-13 + 3)*a/2 composite?
True
Suppose -7*a = -5*a - 5*n - 15691, -23569 = -3*a + n. Is a a prime number?
False
Suppose 0 = 2*a + 2*a - 24. Suppose a*v - 299 = -c + 2*v, -c + 297 = 5*v. Is c a prime number?
True
Suppose 4*f = -2*j + 1476 + 1914, 4*j + 5*f - 6777 = 0. Suppose p = j + 346. Is p composite?
False
Suppose 0*b = 5*f + 4*b + 6, 5*b + 26 = 3*f. Let q be -5 + f + 5 + -6. Is (336 + 3 - -4) + q composite?
True
Let z(h) = -2*h - 7. Let w be z(-6). Suppose 626 - 2226 = -w*a. Let p = 117 + a. Is p a prime number?
False
Let j = 64 - 44. Let h = j - 19. Is (1 - -1) + h + 3 a prime number?
False
Suppose -6*p + 9 = -3*c - 3*p, 0 = -4*c - p + 13. Suppose -9 = m - 3*v, -3*m + 4*v = 3*v + 3. Suppose 1006 = 2*o + 3*t - 149, m = c*t + 2. Is o a prime number?
False
Let y be 5/15*(-1 + 4). Let w = y + 1. Suppose -3*t + 5*g + 1246 = 0, 2*t - 2083 = -3*t + w*g. Is t composite?
True
Suppose -19 = 2*r - 3*r - g, 3*g = 5*r - 79. Let u = 15 - r. Is 123/(5 + -2 + u) prime?
False
Suppose 2*y + 10 = y. Let z be (-44)/(-8)*(y - -2). Let m = z - -95. Is m a prime number?
False
Let y be 32/20*10/4. Is 1/(y/(-6942))*(-2)/3 a prime number?
False
Suppose 3*l - 9*l = -24. Suppose 0 = -2*u - 3*n + 253, 2*n - 190 = -l*u + 328. Is u composite?
False
Suppose 5*z = 2 + 28. Suppose -2*u + z*u = 268. Is u prime?
True
Suppose 11*r - 8*r = -69. Suppose 3*t + 4*x - 153 = -2*t, 122 = 4*t + 3*x. Let u = r + t. Is u a composite number?
True
Let d(a) = 5*a**2 - 3*a - 2. Let l be d(-2). Let m be (-6)/l + 65/4. Is (-514)/(-12) + m/96 prime?
True
Suppose 3*o - 2*o = 12. Suppose 9*r + 297 = o*r. Let v = 145 - r. Is v a composite number?
True
Suppose 1677 = -5*k + 7. Let q = k + 597. Is q composite?
False
Let y = 544 + -237. Is y composite?
False
Let l = -208 + 121. Let j = l - -124. Is j prime?
True
Let d(g) = 563*g + 44. Is d(7) a composite number?
True
Let x(u) = 6*u**3 + 10*u**2 + 4*u. Let p(b) = 7*b**3 + 11*b**2 + 3*b. Let q(z) = 5*p(z) - 6*x(z). Is q(-7) composite?
True
Suppose 9*b - 10*b + 6295 = 0. Suppose 4*l = -l + b. Is l a composite number?
False
Suppose 33 = 4*w + 5. Suppose w*m = 9*m - 8. Suppose -5*y = m*b - 85, 101 + 14 = 5*y - 2*b. Is y composite?
True
Suppose -3*p = 2*v - v - 78, -p + 10 = -5*v. Let t be (-1)/(4 - (-6)/(-2)). Is t - (p - -1)*-6 a prime number?
False
Let j(t) = 4 + 5 - 2 - 12*t - 3. Let x be j(-1). Is (-8)/x + 1174/4 a composite number?
False
Let t = -81 + 28. Suppose 5*l + 8*l - 6526 = 0. Let s = t + l. Is s composite?
False
Let s(r) = 25*r**2 + r - 1. Let x be (-7)/(-3) + 3/(-9). Let v(h) = -h**3 + 2*h**2 - 2*h + 1. Let d be v(x). Is s(d) a prime number?
False
Suppose 96612 + 326591 = 79*j. Is j composite?
True
Is -8 + 9 - 64*-519 prime?
False
Suppose -4*a = 3*n + 3 + 3, 4*a - 3*n - 6 = 0. Suppose -3*x - x = -3*k - 10735, a = 2*x + 2*k - 5364. Is x prime?
True
Suppose 0 = -6*m + 2384 + 6484. Is m prime?
False
Let u(g) = -g**2 - 4*g + 6. Let y be u(-6). Let i be 2 + 2 + 3*y. Is (-23)/((0 + 2)/i) a composite number?
Tr